False
Is 422 a multiple of 9?
False
Is 9697 a multiple of 10?
False
Is 18 a factor of 1263?
False
Is 757 a multiple of 4?
False
Is 2 a factor of 200?
True
Does 12 divide 237?
False
Does 73 divide 4368?
False
Is 7 a factor of 469?
True
Is 31 a multiple of 2?
False
Is 3938 a multiple of 13?
False
Is 14278 a multiple of 11?
True
Is 2494 a multiple of 110?
False
Does 69 divide 1794?
True
Is 18 a factor of 1056?
False
Is 12 a factor of 30636?
True
Is 51 a factor of 705?
False
Is 1008 a multiple of 13?
False
Is 249 a multiple of 18?
False
Does 18 divide 1098?
True
Is 2 a factor of 89?
False
Is 75 a factor of 2765?
False
Is 1431 a multiple of 27?
True
Is 12 a factor of 3780?
True
Is 19 a factor of 295?
False
Is 37 a factor of 148?
True
Is 1685 a multiple of 56?
False
Is 14478 a multiple of 381?
True
Is 1176 a multiple of 98?
True
Does 41 divide 1036?
False
Is 3105 a multiple of 75?
False
Is 78 a factor of 2886?
True
Is 600 a multiple of 20?
True
Is 63 a factor of 2961?
True
Is 18 a factor of 1007?
False
Is 4 a factor of 170?
False
Is 45 a factor of 561?
False
Is 92 a multiple of 13?
False
Is 1261 a multiple of 240?
False
Is 39 a factor of 1019?
False
Is 1144 a multiple of 22?
True
Is 4013 even?
False
Does 9 divide 7121?
False
Is 2881 a multiple of 73?
False
Is 193 a multiple of 26?
False
Is 1647 a multiple of 61?
True
Does 4 divide 200?
True
Is 42 a factor of 2765?
False
Is 5 a factor of 1300?
True
Does 190 divide 50730?
True
Is 43 a factor of 903?
True
Does 13 divide 74?
False
Is 721 a multiple of 7?
True
Is 52 a factor of 156?
True
Does 13 divide 625?
False
Is 143 a factor of 4117?
False
Does 53 divide 1007?
True
Is 16 a factor of 2503?
False
Is 9 a factor of 266?
False
Is 3321 a multiple of 123?
True
Is 43 a factor of 3655?
True
Is 11 a factor of 246?
False
Is 8087 a multiple of 7?
False
Does 14 divide 1120?
True
Is 10004 a multiple of 164?
True
Is 5 a factor of 12495?
True
Is 16 a factor of 3099?
False
Does 7 divide 784?
True
Is 14 a factor of 217?
False
Is 95 a factor of 3179?
False
Is 85 a factor of 40205?
True
Does 50 divide 2900?
True
Does 7 divide 1177?
False
Does 24 divide 2325?
False
Does 38 divide 4891?
False
Is 88 a factor of 3432?
True
Does 38 divide 38?
True
Does 147 divide 61005?
True
Does 10 divide 84280?
True
Is 19 a factor of 1486?
False
Does 7 divide 5964?
True
Is 3 a factor of 1230?
True
Is 22 a factor of 8105?
False
Is 117 a factor of 2106?
True
Is 5 a factor of 333?
False
Is 73 a multiple of 2?
False
Is 667 a multiple of 23?
True
Is 6200 a multiple of 10?
True
Does 12 divide 4248?
True
Does 31 divide 93?
True
Is 533 a multiple of 41?
True
Is 16 a factor of 4832?
True
Is 924 a multiple of 3?
True
Is 11 a factor of 6228?
False
Does 3 divide 99?
True
Does 2 divide 17425?
False
Is 4 a factor of 7397?
False
Is 22 a factor of 413?
False
Is 2453 a multiple of 46?
False
Is 1344 a multiple of 14?
True
Is 20 a factor of 19723?
False
Is 15223 a multiple of 23?
False
Is 47 a factor of 3384?
True
Does 8 divide 516?
False
Is 47 a factor of 12549?
True
Is 9 a factor of 182?
False
Is 16564 a multiple of 18?
False
Does 78 divide 12026?
False
Does 161 divide 7567?
True
Is 1304 a multiple of 14?
False
Does 6 divide 527?
False
Is 41 a factor of 2389?
False
Is 3000 a multiple of 12?
True
Is 35 a factor of 1680?
True
Does 6 divide 228?
True
Is 7 a factor of 1355?
False
Is 850 a multiple of 34?
True
Does 52 divide 7053?
False
Is 1061 a multiple of 9?
False
Is 17376 a multiple of 24?
True
Is 480 a multiple of 8?
True
Is 40814 a multiple of 87?
False
Does 31 divide 4452?
False
Is 9295 a multiple of 11?
True
Is 102 a multiple of 19?
False
Is 18720 a multiple of 160?
True
Is 4272 a multiple of 19?
False
Does 52 divide 15808?
True
Is 20 a factor of 1200?
True
Is 5418 a multiple of 12?
False
Is 15588 a multiple of 18?
True
Is 25705 a multiple of 265?
True
Does 110 divide 5282?
False
Is 47 a multiple of 3?
False
Does 11 divide 11308?
True
Is 34 a factor of 4423?
False
Is 729 a multiple of 8?
False
Is 42 a factor of 5544?
True
Is 2370 a multiple of 5?
True
Is 115 a factor of 920?
True
Is 2668 a multiple of 46?
True
Does 10 divide 4980?
True
Is 65 a factor of 130284?
False
Does 22 divide 2386?
False
Does 63 divide 1449?
True
Does 5 divide 245?
True
Is 144 a factor of 4471?
False
Is 104 a multiple of 11?
False
Is 5535 a multiple of 130?
False
Is 8 a factor of 22535?
False
Is 51 a factor of 62883?
True
Is 2326 a multiple of 106?
False
Does 131 divide 47560?
False
Does 60 divide 369?
False
Does 12 divide 399?
False
Is 21 a factor of 6660?
False
Is 9 a factor of 1210?
False
Is 16 a factor of 480?
True
Is 34 a factor of 22678?
True
Does 47 divide 1601?
False
Is 31356 a multiple of 12?
True
Is 8632 a multiple of 13?
True
Is 28105 a multiple of 115?
False
Is 4 a factor of 1896?
True
Is 146 a factor of 1510?
False
Is 16146 a multiple of 119?
False
Is 26 a factor of 62?
False
Does 8 divide 57981?
False
Is 90 a multiple of 5?
True
Is 24 a factor of 7032?
True
Does 26 divide 14128?
False
Is 1813 a multiple of 14?
False
Is 2808 a multiple of 8?
True
Is 67 a factor of 512?
False
Is 59 a factor of 15024?
False
Is 8 a factor of 1144?
True
Is 352 a multiple of 5?
False
Is 3237 a multiple of 25?
False
Is 81 a multiple of 81?
True
Is 429 a multiple of 13?
True
Does 9 divide 4700?
False
Is 27 a factor of 3882?
False
Is 4495 a multiple of 155?
True
Is 6 a factor of 240?
True
Is 6641 a multiple of 109?
False
Does 28 divide 6468?
True
Is 12403 a multiple of 157?
True
Is 11 a factor of 374?
True
Is 2351 a multiple of 12?
False
Is 66 a factor of 19393?
False
Is 1263 a multiple of 9?
False
Does 83 divide 647?
False
Does 7 divide 44?
False
Is 38 a factor of 16568?
True
Is 5423 a multiple of 11?
True
Is 19 a factor of 1232?
False
Does 17 divide 9120?
False
Is 9 a factor of 3037?
False
Is 27354 a multiple of 194?
True
Is 15074 a multiple of 8?
False
Is 544 a multiple of 35?
False
Is 12 a factor of 2058?
False
Is 120 a factor of 698?
False
Is 7563 a multiple of 10?
False
Is 13604 a multiple of 16?
False
Is 46 a multiple of 6?
False
Is 325 a multiple of 32?
False
Is 776 a multiple of 4?
True
Does 2 divide 751?
False
Is 2041 a multiple of 4?
False
Does 27 divide 216?
True
Is 17 a factor of 237?
False
Does 125 divide 7777?
False
Is 2695 a multiple of 49?
True
Is 69 a factor of 87768?
True
Is 44020 a multiple of 10?
True
Is 20754 a multiple of 8?
False
Does 13 divide 13767?
True
Does 13 divide 23192?
True
Does 11 divide 43604?
True
Is 360 a multiple of 20?
True
Is 10586 a multiple of 67?
True
Is 148 a factor of 12432?
True
Is 58221 a multiple of 9?
True
Is 179 a factor of 1074?
True
Does 39 divide 1053?
True
Does 299 divide 52624?
True
Is 20171 a multiple of 23?
True
Is 12 a factor of 2520?
True
Is 71 a factor of 4576?
False
Does 23 divide 276?
True
Is 143 a factor of 11397?
False
Does 83 divide 4731?
True
Does 17 divide 629?
True
Is 16224 a multiple of 209?
False
Does 17 divide 50864?
True
Is 34 a factor of 1970?
False
Does 276 divide 137232?
False
Is 13216 a multiple of 16?
True
Does 5 divide 595?
True
Is 3 a factor of 150?
True
Is 404 a multiple of 51?
False
Does 2 divide 1171?
False
Is 2 a factor of 241?
False
Is 140 a multiple of 14?
True
Is 10 a factor of 10564?
False
Is 17399 a multiple of 137?
True
Is 287 a multiple of 12?
False
Does 226 divide 51980?
True
Does 27 divide 712?
False
Does 178 divide 41713?
False
Is 198 a multiple of 10?
False
Is 414 a multiple of 18?
True
Is 26807 a multiple of 11?
True
Does 107 divide 4211?
False
Is 34766 a multiple of 15?
False
Is 10608 a multiple of 24?
True
Does 29 divide 196?
False
Does 228 divide 2964?
True
Is 14 a factor of 1626?
False
Does 6 divide 1980?
True
Does 8 divide 1000?
True
Is 603 a multiple of 3?
True
Is 897 a multiple of 39?
True
Is 13 a factor of 26?
True
Is 504 a multiple of 28?
True
Does 6 divide 663?
False
Is 19 a factor of 1697?
False
Is 36 a multiple of 18?
True
Is 143036 a multiple of 26?
False
Is 82398 a multiple of 16?
False
Does 6 divide 2388?
True
Does 72 divide 4176?
True
Is 4084 a multiple of 51?
False
Is 268 a multiple of 4?
True
Is 68 a multiple of 15?
False
Does 14 divide 224?
True
Does 17 divide 3791?
True
Is 25392 a multiple of 69?
True
Is 7448 a multiple of 152?
True
Does 47 divide 23923?
True
Is 45 a factor 